 13) to base 16.
8e
Convert -5b21 (base 15) to base 10.
-19381
What is 3a (base 13) in base 4?
301
-2fba (base 16) to base 3
-121202112
What is -5431 (base 7) in base 16?
-78d
What is -1010203 (base 5) in base 16?
-3faf
What is 5209 (base 10) in base 4?
1101121
4f1b (base 16) to base 6
233431
Convert -6324 (base 9) to base 3.
-20100211
2a87 (base 12) to base 6
35051
2105 (base 6) to base 15
218
Convert -1000111011 (base 2) to base 7.
-1444
Convert 34694 (base 11) to base 10.
50076
Convert 2139 (base 16) to base 7.
33540
What is 4666 (base 9) in base 11?
2668
-7078 (base 16) to base 9
-43441
-204 (base 10) to base 12
-150
-2f79 (base 16) to base 4
-2331321
20211122 (base 3) to base 6
35025
Convert 3532 (base 7) to base 5.
20142
222410 (base 5) to base 13
3763
Convert -3522 (base 9) to base 16.
-a34
What is 3330 (base 5) in base 4?
13101
Convert -861 (base 11) to base 9.
-1370
Convert 1361 (base 11) to base 13.
a56
c257 (base 13) to base 15
7dee
-1214 (base 6) to base 2
-100101010
2618 (base 9) to base 2
11110101001
Convert -11111112 (base 3) to base 2.
-110011010001
Convert -2332 (base 8) to base 15.
-57c
What is 168 (base 14) in base 8?
440
8d2f (base 16) to base 13
135b3
Convert 1001100001101101 (base 2) to base 3.
1222112020
-320011 (base 5) to base 16
-2987
What is -19 (base 14) in base 13?
-1a
Convert 1981a (base 11) to base 6.
331453
ab96 (base 12) to base 16
4a22
What is -8574 (base 11) in base 15?
-3559
-10211211 (base 3) to base 13
-1378
What is -24908 (base 10) in base 8?
-60514
What is 1122 (base 5) in base 15?
ac
10001 (base 2) to base 7
23
What is 210120 (base 4) in base 14?
bc4
What is -12583 (base 10) in base 6?
-134131
13211 (base 6) to base 15
8ed
92a (base 11) to base 14
5a1
1274 (base 15) to base 12
233a
Convert 22310 (base 4) to base 6.
3112
-5311 (base 11) to base 6
-52314
Convert -1001101021 (base 3) to base 15.
-61e4
200 (base 12) to base 11
242
What is -11210 (base 4) in base 10?
-356
Convert 53050 (base 7) to base 2.
11001100001101
Convert 408 (base 12) to base 6.
2412
What is 1fd (base 16) in base 6?
2205
Convert -101310000 (base 4) to base 9.
-121066
Convert -de3 (base 15) to base 3.
-11022020
What is -21235 (base 7) in base 8?
-12225
Convert 4c (base 16) to base 5.
301
What is -968 (base 12) in base 16?
-560
3127 (base 9) to base 14
b9b
What is -306 (base 7) in base 8?
-231
5df (base 16) to base 3
2001200
185b (base 14) to base 10
4393
Convert -100012 (base 6) to base 14.
-2ba0
-503 (base 12) to base 3
-222210
1141 (base 8) to base 6
2453
-12022 (base 3) to base 10
-143
Convert -497 (base 15) to base 13.
-622
-6514 (base 12) to base 6
-123224
What is 4d4 (base 14) in base 3?
1022221
What is -10111111101 (base 2) in base 8?
-2775
Convert -1a3 (base 15) to base 5.
-3003
-405 (base 8) to base 10
-261
-7136 (base 8) to base 9
-5036
-1100110101111 (base 2) to base 4
-1212233
What is -f86a (base 16) in base 12?
-30976
What is 1650 (base 7) in base 6?
3040
Convert -359 (base 10) to base 7.
-1022
Convert 101202 (base 5) to base 13.
1670
-2175 (base 9) to base 10
-1607
What is 2331301 (base 5) in base 16?
a6cd
20935 (base 10) to base 7
115015
Convert -174 (base 12) to base 3.
-22121
What is 1516 (base 8) in base 7?
2316
Convert -1cde7 (base 15) to base 4.
-113000323
-4701 (base 11) to base 7
-23665
What is -13635 (base 9) in base 5?
-244031
505 (base 14) to base 5
12420
Convert -39a1 (base 13) to base 7.
-33014
Convert 645 (base 8) to base 4.
12211
-6306 (base 11) to base 16
-20a3
-6b5 (base 14) to base 10
-1335
-111101110110100 (base 2) to base 4
-13232310
-104404 (base 5) to base 7
-13605
Convert -16ec (base 16) to base 9.
-8040
-aab (base 13) to base 9
-2454
-64b6 (base 14) to base 10
-17408
Convert 10344 (base 9) to base 14.
26cc
What is -200322 (base 4) in base 15?
-956
What is 3605 (base 7) in base 16?
530
Convert 36cd (base 15) to base 2.
10110110010100
-2112222210 (base 3) to base 16
-c477
68642 (base 10) to base 7
404060
-22420 (base 5) to base 11
-1234
What is -314564 (base 7) in base 16?
-d4d5
-6d1 (base 16) to base 4
-123101
Convert 38808 (base 9) to base 5.
1314141
What is -688 (base 9) in base 5?
-4231
What is -10011100100 (base 2) in base 8?
-2344
What is 30075 (base 8) in base 13?
580c
What is -82 (base 9) in base 7?
-134
-4b4 (base 14) to base 12
-666
111101000110 (base 2) to base 11
2a35
Convert 380 (base 16) to base 2.
1110000000
Convert 11001 (base 4) to base 7.
636
Convert 11101 (base 2) to base 10.
29
What is -317 (base 9) in base 6?
-1111
4436 (base 8) to base 2
100100011110
Convert -101111000101101 (base 2) to base 15.
-7224
-5512 (base 7) to base 5
-30334
What is 1563 (base 10) in base 9?
2126
Convert 334 (base 7) to base 16.
ac
3762 (base 13) to base 11
59a0
What is 7ac (base 16) in base 13?
b81
What is -2767b (base 12) in base 10?
-54527
Convert b0b9 (base 14) to base 8.
73213
What is 100101000001011 (base 2) in base 3?
222000001
Convert -62 (base 14) to base 10.
-86
Convert b2d (base 14) to base 9.
3011
What is 1203 (base 4) in base 11?
90
-131233 (base 4) to base 5
-30103
359c (base 15) to base 5
331042
-33053 (base 7) to base 8
-20116
What is 1c2 (base 13) in base 7?
645
Convert 7d37 (base 15) to base 6.
323054
What is 1732 (base 15) in base 13?
2375
190a8 (base 11) to base 16
6872
1111011101 (base 2) to base 6
4325
-125266 (base 7) to base 4
-11232232
What is -31103 (base 4) in base 14?
-44b
Convert 121220 (base 3) to base 11.
385
Convert 8262 (base 9) to base 15.
1bd5
-33a7 (base 11) to base 2
-1000101111001
-27b1 (base 12) to base 10
-4597
Convert 15324 (base 7) to base 13.
1c44
119 (base 16) to base 14
161
Convert -13220323 (base 4) to base 14.
-b591
What is 2711 (base 11) in base 10?
3521
What is 5a2 (base 11) in base 16?
2cd
What is 12035 (base 6) in base 15?
7bb
Convert -1735 (base 10) to base 14.
-8bd
Convert 23314 (base 8) to base 10.
9932
7352 (base 8) to base 3
12020102
Convert 4eb (base 15) to base 9.
1475
2571 (base 8) to base 12
989
Convert 186 (base 15) to base 11.
29a
Convert 1049 (base 12) to base 11.
1383
Convert -3543 (base 7) to base 16.
-519
211021210 (base 3) to base 9
24253
Convert -3a8 (base 11) to base 10.
-481
Convert -215634 (base 8) to base 16.
-11b9c
10110011111110 (base 2) to base 16
2cfe
What is 1110101 (base 5) in base 9?
28546
Convert -1367 (base 15) to base 10.
-4147
Convert -529b (base 12) to base 2.
-10001101010111
What is -22000013 (base 4) in base 15?
-c212
Convert 10706 (base 9) to base 6.
53010
What is -111000110 (base 2) in base 6?
-2034
Convert -12447 (base 9) to base 7.
-33310
What is 23221 (base 4) in base 9?
1017
30446 (base 9) to base 7
112311
1533 (base 6) to base 12
2a9
7a3 (base 15) to base 2
11011000000
-64250 (base 7) to base 6
-201355
Convert -2110101102 (base 3) to base 11.
-333a6
What is -7233 (base 9) in base 3?
-21021010
4510 (base 6) to base 5
13200
-10210221220 (base 3) to base 10
-75057
-248 (base 14) to base 10
-456
Convert -110111010 (base 2) to base 10.
-442
Convert 120222211 (base 3) to base 13.
53cb
What is -103220 (base 4) in base 6?
-5452
1212221 (base 3) to base 5
21000
What is 7351 (base 11) in base 3?
111100121
-1b80 (base 13) to base 6
-31132
Convert -142304 (base 5) to base 3.
-22011112
Convert -314 (base 14) to base 6.
-2450
-24102 (base 7) to base 11
-474a
What is 10624 (base 8) in base 4?
1012110
Convert -1002200 (base 4) to base 12.
-2568
Convert -10881 (base 12) to base 5.
-1200420
What is 5515 (base 15) in base 11?
125a2
-1499 (base 11) to base 9
-2566
Convert -12212 (base 5) to base 14.
-4a8
Convert 353 (base 11) to base 5.
3141
What is 29 (base 13) in base 16?
23
What is 1010110111 (base 2) in base 11?
582
b5 (base 13) to base 9
174
Convert -11211201 (base 3) to base 6.
-24201
What is -24114 (base 5) in base 13?
-a73
-435 (base 8) to base 15
-140
Convert 1444303 (base 5) to base 3.
1120210200
What is 221215 (base 6) in base 9?
27262
-21121 (base 3) to base 5
-1310
What is 12004 (base 6) in base 3?
2101011
What is 134634 (base 7) in base 4?
12101211
Convert 6030 (base 7) to base 11.
1620
Convert -55 (base 12) to base 15.
-45
What is -81a5 (base 15) in base 3?
-1101120002
-12299 (base 10) to base 14
-46a7
Convert 74 (base 10) to base 3.
2202
What is -110000 (base 3) in base 5?
-2244
Convert -33000 (base 4) to base 2